2 + -42594?
-42592
In base 16, what is -531 - -1e0?
-351
In base 5, what is -2210122132 - 0?
-2210122132
In base 4, what is -1 + 131312?
131311
In base 15, what is 89 + -190?
-106
In base 11, what is -70455 + -3?
-70458
In base 6, what is -21421 - -2?
-21415
In base 12, what is -165391 + 6?
-165387
In base 8, what is -13431665 + -1?
-13431666
In base 10, what is 133 + 1169?
1302
In base 4, what is 10 + -13030203?
-13030133
In base 9, what is 35183 - 4?
35178
In base 5, what is -32 + 33332?
33300
In base 2, what is -110010011110001 - -11110?
-110010011010011
In base 4, what is 1321233000 + 1?
1321233001
In base 10, what is 6 - -1871?
1877
In base 9, what is 2045 + -3?
2042
In base 7, what is -2465 + -10310?
-13105
In base 11, what is -3 + -64613?
-64616
In base 16, what is -c + 47785?
47779
In base 13, what is -b5a2 + 13?
-b58c
In base 4, what is 11 + 201233300?
201233311
In base 5, what is 102 - -403013?
403120
In base 5, what is -1 + 11430042?
11430041
In base 4, what is 2022 - 123?
1233
In base 7, what is -440 - -161236?
160466
In base 6, what is 535 + 0?
535
In base 12, what is -4 + 10b33?
10b2b
In base 9, what is -3 + 43170?
43166
In base 2, what is -10 + 1001001100101010?
1001001100101000
In base 16, what is 138 + -14?
124
In base 13, what is 11c5 + 21?
1216
In base 6, what is -24035 + 335?
-23300
In base 5, what is 423 - -3420?
4343
In base 7, what is 4 + 1155?
1162
In base 12, what is 1 + -451546?
-451545
In base 10, what is 7016624 - 4?
7016620
In base 4, what is 100231031022 + 2?
100231031030
In base 14, what is 510861 - -3?
510864
In base 4, what is -3 - -20122132?
20122123
In base 5, what is 11334 + 2?
11341
In base 9, what is -33 - -246?
213
In base 7, what is -121 - -16663?
16542
In base 3, what is 100001020 - -101102?
100102122
In base 13, what is 46 - -1018?
1061
In base 10, what is -4 - -6778?
6774
In base 14, what is -836 + 81?
-795
In base 4, what is -11201130 - -10?
-11201120
In base 2, what is 11101 - 110011001101?
-110010110000
In base 15, what is 0 + -43813?
-43813
In base 13, what is a - 10696?
-10689
In base 3, what is 2001120200022 + -1?
2001120200021
In base 4, what is -13 + 120123?
120110
In base 13, what is -a64130 + 1?
-a6412c
In base 8, what is 74176 + -3?
74173
In base 14, what is -a7b + -33?
-ab0
In base 16, what is 1c - d?
f
In base 5, what is -4 + 1203102?
1203043
In base 2, what is 101111100011001101 + 100?
101111100011010001
In base 16, what is 38b + 12c?
4b7
In base 8, what is -307135 - 3?
-307140
In base 6, what is -22 - 10043342?
-10043404
In base 6, what is 2 - 20140553?
-20140551
In base 5, what is -333140 + -1213?
-334403
In base 15, what is -3 - -2410d?
2410a
In base 10, what is -625513 + 5?
-625508
In base 16, what is -8 - -390d2?
390ca
In base 2, what is -10001101 + 10111110111?
10101101010
In base 7, what is -13606 + 20?
-13556
In base 12, what is 31b4 + 7?
31bb
In base 15, what is -18021 - -1?
-18020
In base 14, what is -1c5 - -d73?
b8c
In base 12, what is -354 + -bb?
-453
In base 13, what is 2 + 1626a?
1626c
In base 14, what is -10bc + 48?
-1074
In base 16, what is -7e76 - -4?
-7e72
In base 3, what is 10 + -120100002?
-120022222
In base 12, what is 48725b + -5?
487256
In base 16, what is -d17 - -2?
-d15
In base 5, what is 20011 - -2004?
22020
In base 12, what is -14b81b - 5?
-14b824
In base 15, what is -4 + -97463?
-97467
In base 7, what is 25214 + 11?
25225
In base 10, what is -9 - 14741?
-14750
In base 10, what is 1 + -31464?
-31463
In base 9, what is -4 + -1543542?
-1543546
In base 4, what is 2002 - 12103212?
-12101210
In base 2, what is -1001100101110 - 110010000?
-1010010111110
In base 9, what is 400 + 1273?
1673
In base 10, what is 58 + -1489?
-1431
In base 14, what is 259639 + -5?
259634
In base 15, what is -8a8cc + 3?
-8a8c9
In base 12, what is a152 - b?
a143
In base 15, what is -ad37d4 - 4?
-ad37d8
In base 7, what is -206 - -253?
44
In base 6, what is 1324504 + 5?
1324513
In base 11, what is 14 + -524?
-510
In base 6, what is 153 - -3145?
3342
In base 4, what is 1210 - -230?
2100
In base 10, what is -269173 + -7?
-269180
In base 8, what is 43541 - 1?
43540
In base 6, what is -4212 + 242?
-3530
In base 3, what is -100120 - -1212211?
1112021
In base 6, what is -25450 + -2?
-25452
In base 13, what is 5605 - 3?
5602
In base 3, what is 111220 - 120120?
-1200
In base 8, what is 750624 + 3?
750627
In base 13, what is -2b9c - a0?
-2c6c
In base 4, what is -20100131 + -11?
-20100202
In base 3, what is 1221 - 2100102?
-2021111
In base 12, what is 17b6816 - -3?
17b6819
In base 4, what is 303 - 11321?
-11012
In base 2, what is 1011111010 + -1000111?
1010110011
In base 6, what is -2111 - -1133?
-534
In base 11, what is -10 - 2897?
-28a7
In base 8, what is -44344 + -4?
-44350
In base 8, what is -122117 + 1?
-122116
In base 13, what is 3 - -2043a?
20440
In base 7, what is 23 + -333600?
-333544
In base 3, what is 10101221 - 0?
10101221
In base 3, what is -1211 + -1122102?
-1201020
In base 5, what is -3 + -1334210?
-1334213
In base 8, what is 2623 + 74?
2717
In base 2, what is 11011110111001100 - 11111?
11011110110101101
In base 9, what is 0 + -41445?
-41445
In base 9, what is -1 - 2047404?
-2047405
In base 16, what is 13cf - 19e?
1231
In base 14, what is 27 - 8624?
-85db
In base 8, what is 24077 + -31?
24046
In base 8, what is 34746 - -4?
34752
In base 8, what is -3 + 444363?
444360
In base 3, what is 200111001210 - -12?
200111001222
In base 14, what is -9 - 21c2?
-21cb
In base 11, what is 3395055 - -2?
3395057
In base 7, what is -210 - 436?
-646
In base 15, what is -4 + 2b0be?
2b0ba
In base 11, what is 0 + -19509?
-19509
In base 9, what is -17 - -3251?
3233
In base 6, what is -14534 - 15?
-14553
In base 10, what is 2628 - -447?
3075
In base 13, what is 1 - -224056?
224057
In base 7, what is 2135 - 5?
2130
In base 6, what is -111 - 253520?
-254031
In base 8, what is 205 - -773?
1200
In base 13, what is -1a0 - -454?
284
In base 14, what is -36d - -21?
-34c
In base 10, what is 22957 - 3?
22954
In base 2, what is 101 + 11101010111110?
11101011000011
In base 6, what is -5 - -413214?
413205
In base 2, what is 1010100111110110 - 10110?
1010100111100000
In base 8, what is -514243 + 5?
-514236
In base 14, what is -496 + -bb?
-573
In base 6, what is -433 + 54310?
53433
In base 12, what is -26 + 1525?
14bb
In base 4, what is 1030023 - -2?
1030031
In base 8, what is -1676247 + -4?
-1676253
In base 4, what is 32111333 + 0?
32111333
In base 9, what is -15184 + -5?
-15200
In base 16, what is -153 + -16?
-169
In base 10, what is 25989 + 26?
26015
In base 5, what is 110044 + -1310?
103234
In base 7, what is 11052310 + 3?
11052313
In base 13, what is 1372 + 4a?
13bc
In base 11, what is 1 - -a83?
a84
In base 7, what is 0 + 6131614?
6131614
In base 13, what is 15 + -152?
-13a
In base 15, what is -c - 91906?
-91913
In base 2, what is -11101110000111 - -1001?
-11101101111110
In base 12, what is 51 - -160?
1b1
In base 15, what is -1 - 59720?
-59721
In base 10, what is 2 - 29233?
-29231
In base 2, what is 11001010 + -10001010?
1000000
In base 7, what is -4 - 1203125?
-1203132
In base 4, what is 210310 + -102?
210202
In base 2, what is -1 - 110010111000100?
-110010111000101
In base 13, what is -c8c4 + -4?
-c8c8
In base 13, what is 4 + -963c2?
-963bb
In base 3, what is -10 - 2002100221?
-2002101001
In base 7, what is 331 - -425?
1056
In base 15, what is -246b3 + -1?
-246b4
In base 13, what is -b83 - -349?
-837
In base 15, what is 8e - -118c?
122b
In base 3, what is -21222220220 - -10?
-21222220210
In base 4, what is -10 + 31020021?
31020011
In base 2, what is 110 - -10011111110000?
10011111110110
In base 9, what is 12 - -88651?
88663
In base 8, what is -3765450 + 1?
-3765447
In base 15, what is 9 - -91b?
925
In base 5, what is 1211 + -1030?
131
In base 13, what is -3 - 50a7?
-50aa
In base 3, what is 2012 - 22022?
-20010
In base 3, what is 12 - -1122000?
1122012
In base 8, what is -2134 - -373?
-1541
In base 11, what is 2964311 - -3?
2964314
In base 4, what is -12310321 - 113?
-12311100
In base 2, what is -1000 - -1100111010110101?
1100111010101101
In base 3, what is 2 - 1001101112222?
-1001101112220
In base 12, what is 399781 + 2?
399783
In base 4, what is -13200111 - 12?
-13200123
In base 6, what is 4023123 + 4?
4023131
In